{"id":102,"date":"2015-07-14T16:12:07","date_gmt":"2015-07-14T16:12:07","guid":{"rendered":"http:\/\/test.kriesi.at\/minimal-portfolio\/?page_id=102"},"modified":"2019-03-11T03:46:47","modified_gmt":"2019-03-11T06:46:47","slug":"portfolio","status":"publish","type":"page","link":"https:\/\/creaideas.cl\/w23\/portfolio\/","title":{"rendered":"Portfolio"},"content":{"rendered":"\n<style type=\"text\/css\" data-created_by=\"avia_inline_auto\" id=\"style-css-av-av_heading-d3346d161a818327100737ac87b0338a\">\n#top .av-special-heading.av-av_heading-d3346d161a818327100737ac87b0338a{\npadding-bottom:0;\ncolor:#000000;\nfont-size:40px;\n}\nbody .av-special-heading.av-av_heading-d3346d161a818327100737ac87b0338a .av-special-heading-tag .heading-char{\nfont-size:25px;\n}\n#top #wrap_all .av-special-heading.av-av_heading-d3346d161a818327100737ac87b0338a .av-special-heading-tag{\nfont-size:40px;\n}\n.av-special-heading.av-av_heading-d3346d161a818327100737ac87b0338a .special-heading-inner-border{\nborder-color:#000000;\n}\n.av-special-heading.av-av_heading-d3346d161a818327100737ac87b0338a .av-subheading{\nfont-size:15px;\n}\n\n@media only screen and (min-width: 480px) and (max-width: 767px){ \n#top #wrap_all .av-special-heading.av-av_heading-d3346d161a818327100737ac87b0338a .av-special-heading-tag{\nfont-size:0.8em;\n}\n}\n\n@media only screen and (max-width: 479px){ \n#top #wrap_all .av-special-heading.av-av_heading-d3346d161a818327100737ac87b0338a .av-special-heading-tag{\nfont-size:0.8em;\n}\n}\n<\/style>\n<div  class='av-special-heading av-av_heading-d3346d161a818327100737ac87b0338a av-special-heading-h1 custom-color-heading blockquote modern-quote  avia-builder-el-0  el_before_av_hr  avia-builder-el-first  av-inherit-size'><h1 class='av-special-heading-tag '  itemprop=\"headline\"  >Desde la Idea al producto terminado, estamos atentos a nuestros clientes, ud puede contar con nuestro equipo.<\/h1><div class=\"special-heading-border\"><div class=\"special-heading-inner-border\"><\/div><\/div><\/div>\n\n<style type=\"text\/css\" data-created_by=\"avia_inline_auto\" id=\"style-css-av-av_hr-e8c293bc95976d5c6ff9d129b325da64\">\n#top .hr.hr-invisible.av-av_hr-e8c293bc95976d5c6ff9d129b325da64{\nheight:80px;\n}\n<\/style>\n<div  class='hr av-av_hr-e8c293bc95976d5c6ff9d129b325da64 hr-invisible  avia-builder-el-1  el_after_av_heading  el_before_av_one_full '><span class='hr-inner '><span class=\"hr-inner-style\"><\/span><\/span><\/div>\n\n<style type=\"text\/css\" data-created_by=\"avia_inline_auto\" id=\"style-css-av-av_one_full-352b07ef7d3bc99b2e9f92e7a9e06bdb\">\n.flex_column.av-av_one_full-352b07ef7d3bc99b2e9f92e7a9e06bdb{\nborder-radius:0px 0px 0px 0px;\npadding:0px 0px 0px 0px;\n}\n<\/style>\n<div  class='flex_column av-av_one_full-352b07ef7d3bc99b2e9f92e7a9e06bdb av_one_full  avia-builder-el-2  el_after_av_hr  avia-builder-el-last  first flex_column_div av-zero-column-padding  '     ><div id='av-masonry-1' class='av-masonry av-av_masonry_entries-bcdfa157528bc719b54c2843d2e261e4 noHover av-fixed-size av-large-gap av-hover-overlay-active av-masonry-animation-active av-masonry-col-3 av-caption-on-hover av-caption-style- av-masonry-entries ' data-post_id=\"102\"><div class='av-masonry-sort main_color av-sort-yes-tax' data-masonry-id='1' ><div class='av-current-sort-title'><span class=\"inner_sort_button\"><span>All<\/span><small class=\"avia-term-count\"> 8 <\/small><\/span><\/div><div class='av-sort-by-term  ' data-av-allowed-sort='[\"campanas_sort\",\"web_sort\"]' ><a href=\"#\" data-filter=\"all_sort\" class=\"all_sort_button active_sort\"><span class=\"inner_sort_button\"><span>All<\/span><small class=\"avia-term-count\"> 8 <\/small><\/span><\/a><span class='text-sep campanas_sort_sep avia_show_sort'>\/<\/span><a href=\"#\" data-filter=\"campanas_sort\" class=\"campanas_sort_button avia_show_sort\" ><span class=\"inner_sort_button\"><span>campa\u00f1as<\/span><small class='avia-term-count'> 3 <\/small><\/span><\/a><span class='text-sep web_sort_sep avia_show_sort'>\/<\/span><a href=\"#\" data-filter=\"web_sort\" class=\"web_sort_button avia_show_sort\" ><span class=\"inner_sort_button\"><span>dise\u00f1o web<\/span><small class='avia-term-count'> 5 <\/small><\/span><\/a><\/div><\/div><div class=\"av-masonry-container isotope av-js-disabled\"><div class='av-masonry-entry isotope-item av-masonry-item-no-image all_sort web_sort  campanas_sort '><\/div><a href=\"https:\/\/creaideas.cl\/w23\/portfolio-item\/descargalatina-cl\/\"  id='av-masonry-1-item-142' data-av-masonry-item='142' class='av-masonry-entry isotope-item post-142 portfolio type-portfolio status-publish has-post-thumbnail hentry portfolio_entries-web all_sort web_sort  av-masonry-item-with-image av-grid-img' title=\"descargalatina3\"   itemscope=\"itemscope\" itemtype=\"https:\/\/schema.org\/CreativeWork\" ><div class='av-inner-masonry-sizer'><\/div><figure class='av-inner-masonry main_color'><div class=\"av-masonry-outerimage-container\"><div class='av-masonry-image-container' style=\"background-image: url(https:\/\/creaideas.cl\/w23\/wp-content\/uploads\/2015\/07\/descargalatina3-705x441.jpg);\"  title=\"descargalatina3\" ><\/div><\/div><figcaption class='av-inner-masonry-content site-background'><div class='av-inner-masonry-content-pos'><div class='av-inner-masonry-content-pos-content'><div class='avia-arrow'><\/div><h3 class='av-masonry-entry-title entry-title '  itemprop=\"headline\" >Descargalatina.cl<\/h3><\/div><\/div><\/figcaption><\/figure><\/a><!--end av-masonry entry--><a href=\"https:\/\/creaideas.cl\/w23\/portfolio-item\/emufarm-cl\/\"  id='av-masonry-1-item-146' data-av-masonry-item='146' class='av-masonry-entry isotope-item post-146 portfolio type-portfolio status-publish has-post-thumbnail hentry portfolio_entries-web all_sort web_sort  av-masonry-item-with-image av-grid-img' title=\"Emufarm\"   itemscope=\"itemscope\" itemtype=\"https:\/\/schema.org\/CreativeWork\" ><div class='av-inner-masonry-sizer'><\/div><figure class='av-inner-masonry main_color'><div class=\"av-masonry-outerimage-container\"><div class='av-masonry-image-container' style=\"background-image: url(https:\/\/creaideas.cl\/w23\/wp-content\/uploads\/2019\/03\/Emufarm-705x441.jpg);\"  title=\"Emufarm\" ><\/div><\/div><figcaption class='av-inner-masonry-content site-background'><div class='av-inner-masonry-content-pos'><div class='av-inner-masonry-content-pos-content'><div class='avia-arrow'><\/div><h3 class='av-masonry-entry-title entry-title '  itemprop=\"headline\" >Emufarm.cl<\/h3><\/div><\/div><\/figcaption><\/figure><\/a><!--end av-masonry entry--><a href=\"https:\/\/creaideas.cl\/w23\/portfolio-item\/latinatv-cl\/\"  id='av-masonry-1-item-144' data-av-masonry-item='144' class='av-masonry-entry isotope-item post-144 portfolio type-portfolio status-publish has-post-thumbnail hentry portfolio_entries-web all_sort web_sort  av-masonry-item-with-image av-grid-img' title=\"latinatv4\"   itemscope=\"itemscope\" itemtype=\"https:\/\/schema.org\/CreativeWork\" ><div class='av-inner-masonry-sizer'><\/div><figure class='av-inner-masonry main_color'><div class=\"av-masonry-outerimage-container\"><div class='av-masonry-image-container' style=\"background-image: url(https:\/\/creaideas.cl\/w23\/wp-content\/uploads\/2015\/07\/latinatv4-705x441.jpg);\"  title=\"latinatv4\" ><\/div><\/div><figcaption class='av-inner-masonry-content site-background'><div class='av-inner-masonry-content-pos'><div class='av-inner-masonry-content-pos-content'><div class='avia-arrow'><\/div><h3 class='av-masonry-entry-title entry-title '  itemprop=\"headline\" >LatinaTv.cl<\/h3><\/div><\/div><\/figcaption><\/figure><\/a><!--end av-masonry entry--><a href=\"https:\/\/creaideas.cl\/w23\/portfolio-item\/asesormigratorio-cl\/\"  id='av-masonry-1-item-140' data-av-masonry-item='140' class='av-masonry-entry isotope-item post-140 portfolio type-portfolio status-publish has-post-thumbnail hentry portfolio_entries-web all_sort web_sort  av-masonry-item-with-image av-grid-img' title=\"asesormigratorio1\"   itemscope=\"itemscope\" itemtype=\"https:\/\/schema.org\/CreativeWork\" ><div class='av-inner-masonry-sizer'><\/div><figure class='av-inner-masonry main_color'><div class=\"av-masonry-outerimage-container\"><div class='av-masonry-image-container' style=\"background-image: url(https:\/\/creaideas.cl\/w23\/wp-content\/uploads\/2015\/07\/asesormigratorio1-705x441.jpg);\"  title=\"asesormigratorio1\" ><\/div><\/div><figcaption class='av-inner-masonry-content site-background'><div class='av-inner-masonry-content-pos'><div class='av-inner-masonry-content-pos-content'><div class='avia-arrow'><\/div><h3 class='av-masonry-entry-title entry-title '  itemprop=\"headline\" >Asesor Migratorio A.M.L.C.<\/h3><\/div><\/div><\/figcaption><\/figure><\/a><!--end av-masonry entry--><a href=\"https:\/\/creaideas.cl\/w23\/portfolio-item\/cambioslyon-cl\/\"  id='av-masonry-1-item-143' data-av-masonry-item='143' class='av-masonry-entry isotope-item post-143 portfolio type-portfolio status-publish has-post-thumbnail hentry portfolio_entries-web all_sort web_sort  av-masonry-item-with-image av-grid-img' title=\"cambioslyon\"   itemscope=\"itemscope\" itemtype=\"https:\/\/schema.org\/CreativeWork\" ><div class='av-inner-masonry-sizer'><\/div><figure class='av-inner-masonry main_color'><div class=\"av-masonry-outerimage-container\"><div class='av-masonry-image-container' style=\"background-image: url(https:\/\/creaideas.cl\/w23\/wp-content\/uploads\/2015\/07\/cambioslyon-705x441.jpg);\"  title=\"cambioslyon\" ><\/div><\/div><figcaption class='av-inner-masonry-content site-background'><div class='av-inner-masonry-content-pos'><div class='av-inner-masonry-content-pos-content'><div class='avia-arrow'><\/div><h3 class='av-masonry-entry-title entry-title '  itemprop=\"headline\" >Cambioslyon.cl<\/h3><\/div><\/div><\/figcaption><\/figure><\/a><!--end av-masonry entry--><a href=\"https:\/\/creaideas.cl\/w23\/portfolio-item\/material-de-promocion\/\"  id='av-masonry-1-item-131' data-av-masonry-item='131' class='av-masonry-entry isotope-item post-131 portfolio type-portfolio status-publish has-post-thumbnail hentry portfolio_entries-campanas all_sort campanas_sort  av-masonry-item-with-image av-grid-img' title=\"Gente_D_Zona5\"   itemscope=\"itemscope\" itemtype=\"https:\/\/schema.org\/CreativeWork\" ><div class='av-inner-masonry-sizer'><\/div><figure class='av-inner-masonry main_color'><div class=\"av-masonry-outerimage-container\"><div class='av-masonry-image-container' style=\"background-image: url(https:\/\/creaideas.cl\/w23\/wp-content\/uploads\/2015\/07\/Gente_D_Zona5-705x705.jpg);\"  title=\"Gente_D_Zona5\" ><\/div><\/div><figcaption class='av-inner-masonry-content site-background'><div class='av-inner-masonry-content-pos'><div class='av-inner-masonry-content-pos-content'><div class='avia-arrow'><\/div><h3 class='av-masonry-entry-title entry-title '  itemprop=\"headline\" >Material de Promoci\u00f3n<\/h3><\/div><\/div><\/figcaption><\/figure><\/a><!--end av-masonry entry--><a href=\"https:\/\/creaideas.cl\/w23\/portfolio-item\/campanas-en-terreno\/\"  id='av-masonry-1-item-152' data-av-masonry-item='152' class='av-masonry-entry isotope-item post-152 portfolio type-portfolio status-publish has-post-thumbnail hentry portfolio_entries-campanas all_sort campanas_sort  av-masonry-item-with-image av-grid-img' title=\"charanga_havanera\"   itemscope=\"itemscope\" itemtype=\"https:\/\/schema.org\/CreativeWork\" ><div class='av-inner-masonry-sizer'><\/div><figure class='av-inner-masonry main_color'><div class=\"av-masonry-outerimage-container\"><div class='av-masonry-image-container' style=\"background-image: url(https:\/\/creaideas.cl\/w23\/wp-content\/uploads\/2015\/07\/charanga_havanera-705x527.jpg);\"  title=\"charanga_havanera\" ><\/div><\/div><figcaption class='av-inner-masonry-content site-background'><div class='av-inner-masonry-content-pos'><div class='av-inner-masonry-content-pos-content'><div class='avia-arrow'><\/div><h3 class='av-masonry-entry-title entry-title '  itemprop=\"headline\" >Recorridos en Terreno.<\/h3><\/div><\/div><\/figcaption><\/figure><\/a><!--end av-masonry entry--><a href=\"https:\/\/creaideas.cl\/w23\/portfolio-item\/promocion-de-eventos\/\"  id='av-masonry-1-item-150' data-av-masonry-item='150' class='av-masonry-entry isotope-item post-150 portfolio type-portfolio status-publish has-post-thumbnail hentry portfolio_entries-campanas all_sort campanas_sort  av-masonry-item-with-image av-grid-img' title=\"Maelo_Ruiz_Caupolican\"   itemscope=\"itemscope\" itemtype=\"https:\/\/schema.org\/CreativeWork\" ><div class='av-inner-masonry-sizer'><\/div><figure class='av-inner-masonry main_color'><div class=\"av-masonry-outerimage-container\"><div class='av-masonry-image-container' style=\"background-image: url(https:\/\/creaideas.cl\/w23\/wp-content\/uploads\/2015\/01\/Maelo_Ruiz_Caupolican-705x441.jpg);\"  title=\"Maelo_Ruiz_Caupolican\" ><\/div><\/div><figcaption class='av-inner-masonry-content site-background'><div class='av-inner-masonry-content-pos'><div class='av-inner-masonry-content-pos-content'><div class='avia-arrow'><\/div><h3 class='av-masonry-entry-title entry-title '  itemprop=\"headline\" >Promoci\u00f3n de Eventos.<\/h3><\/div><\/div><\/figcaption><\/figure><\/a><!--end av-masonry entry--><\/div><\/div><\/div>\n","protected":false},"excerpt":{"rendered":"","protected":false},"author":1,"featured_media":0,"parent":0,"menu_order":0,"comment_status":"open","ping_status":"open","template":"","meta":{"footnotes":""},"class_list":["post-102","page","type-page","status-publish","hentry"],"yoast_head":"<!-- This site is optimized with the Yoast SEO plugin v26.6 - https:\/\/yoast.com\/wordpress\/plugins\/seo\/ -->\n<title>Portfolio - :: Agencia Creaideas.cl<\/title>\n<meta name=\"robots\" content=\"index, follow, max-snippet:-1, max-image-preview:large, max-video-preview:-1\" \/>\n<link rel=\"canonical\" href=\"https:\/\/creaideas.cl\/w23\/portfolio\/\" \/>\n<meta property=\"og:locale\" content=\"es_ES\" \/>\n<meta property=\"og:type\" content=\"article\" \/>\n<meta property=\"og:title\" content=\"Portfolio - :: Agencia Creaideas.cl\" \/>\n<meta property=\"og:url\" content=\"https:\/\/creaideas.cl\/w23\/portfolio\/\" \/>\n<meta property=\"og:site_name\" content=\":: Agencia Creaideas.cl\" \/>\n<meta property=\"article:publisher\" content=\"https:\/\/www.instagram.com\/creaideas.cl\/\" \/>\n<meta property=\"article:modified_time\" content=\"2019-03-11T06:46:47+00:00\" \/>\n<meta name=\"twitter:card\" content=\"summary_large_image\" \/>\n<meta name=\"twitter:label1\" content=\"Tiempo estimado de lectura\" \/>\n\t<meta name=\"twitter:data1\" content=\"1 minuto\" \/>\n<script type=\"application\/ld+json\" class=\"yoast-schema-graph\">{\"@context\":\"https:\/\/schema.org\",\"@graph\":[{\"@type\":\"WebPage\",\"@id\":\"https:\/\/creaideas.cl\/w23\/portfolio\/\",\"url\":\"https:\/\/creaideas.cl\/w23\/portfolio\/\",\"name\":\"Portfolio - :: Agencia Creaideas.cl\",\"isPartOf\":{\"@id\":\"https:\/\/creaideas.cl\/w23\/#website\"},\"datePublished\":\"2015-07-14T16:12:07+00:00\",\"dateModified\":\"2019-03-11T06:46:47+00:00\",\"breadcrumb\":{\"@id\":\"https:\/\/creaideas.cl\/w23\/portfolio\/#breadcrumb\"},\"inLanguage\":\"es-CL\",\"potentialAction\":[{\"@type\":\"ReadAction\",\"target\":[\"https:\/\/creaideas.cl\/w23\/portfolio\/\"]}]},{\"@type\":\"BreadcrumbList\",\"@id\":\"https:\/\/creaideas.cl\/w23\/portfolio\/#breadcrumb\",\"itemListElement\":[{\"@type\":\"ListItem\",\"position\":1,\"name\":\"Portada\",\"item\":\"https:\/\/creaideas.cl\/w23\/\"},{\"@type\":\"ListItem\",\"position\":2,\"name\":\"Portfolio\"}]},{\"@type\":\"WebSite\",\"@id\":\"https:\/\/creaideas.cl\/w23\/#website\",\"url\":\"https:\/\/creaideas.cl\/w23\/\",\"name\":\"www.Creaideas.cl\",\"description\":\"dise\u00f1o y producci\u00f3n gr\u00e1fico, web\",\"publisher\":{\"@id\":\"https:\/\/creaideas.cl\/w23\/#organization\"},\"potentialAction\":[{\"@type\":\"SearchAction\",\"target\":{\"@type\":\"EntryPoint\",\"urlTemplate\":\"https:\/\/creaideas.cl\/w23\/?s={search_term_string}\"},\"query-input\":{\"@type\":\"PropertyValueSpecification\",\"valueRequired\":true,\"valueName\":\"search_term_string\"}}],\"inLanguage\":\"es-CL\"},{\"@type\":\"Organization\",\"@id\":\"https:\/\/creaideas.cl\/w23\/#organization\",\"name\":\"Agencia de Medios Creaideas cl\",\"url\":\"https:\/\/creaideas.cl\/w23\/\",\"logo\":{\"@type\":\"ImageObject\",\"inLanguage\":\"es-CL\",\"@id\":\"https:\/\/creaideas.cl\/w23\/#\/schema\/logo\/image\/\",\"url\":\"https:\/\/creaideas.cl\/w23\/wp-content\/uploads\/2025\/04\/Logo-Creaideas-2025-preload.png\",\"contentUrl\":\"https:\/\/creaideas.cl\/w23\/wp-content\/uploads\/2025\/04\/Logo-Creaideas-2025-preload.png\",\"width\":1000,\"height\":400,\"caption\":\"Agencia de Medios Creaideas cl\"},\"image\":{\"@id\":\"https:\/\/creaideas.cl\/w23\/#\/schema\/logo\/image\/\"},\"sameAs\":[\"https:\/\/www.instagram.com\/creaideas.cl\/\"]}]}<\/script>\n<!-- \/ Yoast SEO plugin. -->","yoast_head_json":{"title":"Portfolio - :: Agencia Creaideas.cl","robots":{"index":"index","follow":"follow","max-snippet":"max-snippet:-1","max-image-preview":"max-image-preview:large","max-video-preview":"max-video-preview:-1"},"canonical":"https:\/\/creaideas.cl\/w23\/portfolio\/","og_locale":"es_ES","og_type":"article","og_title":"Portfolio - :: Agencia Creaideas.cl","og_url":"https:\/\/creaideas.cl\/w23\/portfolio\/","og_site_name":":: Agencia Creaideas.cl","article_publisher":"https:\/\/www.instagram.com\/creaideas.cl\/","article_modified_time":"2019-03-11T06:46:47+00:00","twitter_card":"summary_large_image","twitter_misc":{"Tiempo estimado de lectura":"1 minuto"},"schema":{"@context":"https:\/\/schema.org","@graph":[{"@type":"WebPage","@id":"https:\/\/creaideas.cl\/w23\/portfolio\/","url":"https:\/\/creaideas.cl\/w23\/portfolio\/","name":"Portfolio - :: Agencia Creaideas.cl","isPartOf":{"@id":"https:\/\/creaideas.cl\/w23\/#website"},"datePublished":"2015-07-14T16:12:07+00:00","dateModified":"2019-03-11T06:46:47+00:00","breadcrumb":{"@id":"https:\/\/creaideas.cl\/w23\/portfolio\/#breadcrumb"},"inLanguage":"es-CL","potentialAction":[{"@type":"ReadAction","target":["https:\/\/creaideas.cl\/w23\/portfolio\/"]}]},{"@type":"BreadcrumbList","@id":"https:\/\/creaideas.cl\/w23\/portfolio\/#breadcrumb","itemListElement":[{"@type":"ListItem","position":1,"name":"Portada","item":"https:\/\/creaideas.cl\/w23\/"},{"@type":"ListItem","position":2,"name":"Portfolio"}]},{"@type":"WebSite","@id":"https:\/\/creaideas.cl\/w23\/#website","url":"https:\/\/creaideas.cl\/w23\/","name":"www.Creaideas.cl","description":"dise\u00f1o y producci\u00f3n gr\u00e1fico, web","publisher":{"@id":"https:\/\/creaideas.cl\/w23\/#organization"},"potentialAction":[{"@type":"SearchAction","target":{"@type":"EntryPoint","urlTemplate":"https:\/\/creaideas.cl\/w23\/?s={search_term_string}"},"query-input":{"@type":"PropertyValueSpecification","valueRequired":true,"valueName":"search_term_string"}}],"inLanguage":"es-CL"},{"@type":"Organization","@id":"https:\/\/creaideas.cl\/w23\/#organization","name":"Agencia de Medios Creaideas cl","url":"https:\/\/creaideas.cl\/w23\/","logo":{"@type":"ImageObject","inLanguage":"es-CL","@id":"https:\/\/creaideas.cl\/w23\/#\/schema\/logo\/image\/","url":"https:\/\/creaideas.cl\/w23\/wp-content\/uploads\/2025\/04\/Logo-Creaideas-2025-preload.png","contentUrl":"https:\/\/creaideas.cl\/w23\/wp-content\/uploads\/2025\/04\/Logo-Creaideas-2025-preload.png","width":1000,"height":400,"caption":"Agencia de Medios Creaideas cl"},"image":{"@id":"https:\/\/creaideas.cl\/w23\/#\/schema\/logo\/image\/"},"sameAs":["https:\/\/www.instagram.com\/creaideas.cl\/"]}]}},"_links":{"self":[{"href":"https:\/\/creaideas.cl\/w23\/wp-json\/wp\/v2\/pages\/102","targetHints":{"allow":["GET"]}}],"collection":[{"href":"https:\/\/creaideas.cl\/w23\/wp-json\/wp\/v2\/pages"}],"about":[{"href":"https:\/\/creaideas.cl\/w23\/wp-json\/wp\/v2\/types\/page"}],"author":[{"embeddable":true,"href":"https:\/\/creaideas.cl\/w23\/wp-json\/wp\/v2\/users\/1"}],"replies":[{"embeddable":true,"href":"https:\/\/creaideas.cl\/w23\/wp-json\/wp\/v2\/comments?post=102"}],"version-history":[{"count":3,"href":"https:\/\/creaideas.cl\/w23\/wp-json\/wp\/v2\/pages\/102\/revisions"}],"predecessor-version":[{"id":307,"href":"https:\/\/creaideas.cl\/w23\/wp-json\/wp\/v2\/pages\/102\/revisions\/307"}],"wp:attachment":[{"href":"https:\/\/creaideas.cl\/w23\/wp-json\/wp\/v2\/media?parent=102"}],"curies":[{"name":"wp","href":"https:\/\/api.w.org\/{rel}","templated":true}]}}